git of 355?
5
What is the thousands digit of 65182?
5
What is the hundreds digit of 34962?
9
What is the hundreds digit of 14522?
5
What is the tens digit of 119526?
2
What is the thousands digit of 56692?
6
What is the tens digit of 847?
4
What is the hundreds digit of 2376?
3
What is the tens digit of 258?
5
What is the units digit of 2325?
5
What is the hundreds digit of 1979?
9
What is the hundreds digit of 57349?
3
What is the thousands digit of 3341?
3
What is the hundreds digit of 23930?
9
What is the thousands digit of 20535?
0
What is the units digit of 13030?
0
What is the units digit of 685?
5
What is the thousands digit of 77122?
7
What is the ten thousands digit of 74679?
7
What is the tens digit of 718?
1
What is the tens digit of 15718?
1
What is the hundreds digit of 7689?
6
What is the tens digit of 714?
1
What is the tens digit of 20523?
2
What is the units digit of 661?
1
What is the units digit of 23362?
2
What is the tens digit of 637?
3
What is the tens digit of 7230?
3
What is the hundreds digit of 2391?
3
What is the hundreds digit of 8891?
8
What is the units digit of 5388?
8
What is the thousands digit of 7400?
7
What is the thousands digit of 23103?
3
What is the units digit of 43527?
7
What is the units digit of 411?
1
What is the thousands digit of 79517?
9
What is the hundreds digit of 239?
2
What is the units digit of 11072?
2
What is the units digit of 97493?
3
What is the ten thousands digit of 28420?
2
What is the units digit of 613?
3
What is the units digit of 13101?
1
What is the tens digit of 6095?
9
What is the thousands digit of 1842?
1
What is the tens digit of 7435?
3
What is the units digit of 9199?
9
What is the tens digit of 1049?
4
What is the ten thousands digit of 24814?
2
What is the hundreds digit of 14820?
8
What is the tens digit of 20549?
4
What is the hundreds digit of 722?
7
What is the tens digit of 4236?
3
What is the units digit of 1438?
8
What is the thousands digit of 126499?
6
What is the tens digit of 32243?
4
What is the thousands digit of 2786?
2
What is the tens digit of 10870?
7
What is the units digit of 17764?
4
What is the tens digit of 720?
2
What is the tens digit of 7391?
9
What is the hundreds digit of 391?
3
What is the units digit of 16402?
2
What is the hundreds digit of 19640?
6
What is the tens digit of 107658?
5
What is the ten thousands digit of 17534?
1
What is the thousands digit of 1543?
1
What is the units digit of 1174?
4
What is the thousands digit of 12643?
2
What is the thousands digit of 79422?
9
What is the ten thousands digit of 23929?
2
What is the units digit of 2457?
7
What is the tens digit of 10931?
3
What is the hundreds digit of 1680?
6
What is the hundreds digit of 32108?
1
What is the thousands digit of 8610?
8
What is the thousands digit of 5880?
5
What is the tens digit of 42?
4
What is the tens digit of 5075?
7
What is the thousands digit of 3855?
3
What is the tens digit of 6820?
2
What is the units digit of 197?
7
What is the units digit of 13?
3
What is the thousands digit of 4934?
4
What is the units digit of 2378?
8
What is the units digit of 1074?
4
What is the units digit of 1290?
0
What is the hundreds digit of 1456?
4
What is the units digit of 3040?
0
What is the thousands digit of 33334?
3
What is the units digit of 1299?
9
What is the units digit of 2724?
4
What is the ten thousands digit of 52264?
5
What is the hundreds digit of 41898?
8
What is the hundreds digit of 611?
6
What is the hundreds digit of 130349?
3
What is the ten thousands digit of 38385?
3
What is the tens digit of 1002?
0
What is the tens digit of 15601?
0
What is the hundreds digit of 1258?
2
What is the thousands digit of 7487?
7
What is the units digit of 19618?
8
What is the hundreds digit of 266?
2
What is the thousands digit of 7215?
7
What is the units digit of 131906?
6
What is the thousands digit of 21245?
1
What is the units digit of 2402?
2
What is the thousands digit of 1292?
1
What is the hundreds digit of 6458?
4
What is the units digit of 2485?
5
What is the hundreds digit of 197591?
5
What is the units digit of 36586?
6
What is the tens digit of 12033?
3
What is the tens digit of 9599?
9
What is the thousands digit of 28949?
8
What is the tens digit of 1298?
9
What is the units digit of 7935?
5
What is the ten thousands digit of 14335?
1
What is the thousands digit of 19261?
9
What is the tens digit of 1186?
8
What is the thousands digit of 4723?
4
What is the tens digit of 45885?
8
What is the tens digit of 108744?
4
What is the tens digit of 7620?
2
What is the hundreds digit of 583?
5
What is the ten thousands digit of 108783?
0
What is the units digit of 6686?
6
What is the hundreds digit of 3174?
1
What is the hundreds digit of 235?
2
What is the units digit of 3537?
7
What is the hundreds digit of 3173?
1
What is the hundreds digit of 1409?
4
What is the hundreds digit of 288?
2
What is the hundreds digit of 4820?
8
What is the ten thousands digit of 51774?
5
What is the hundreds digit of 1837?
8
What is the tens digit of 37?
3
What is the units digit of 22740?
0
What is the thousands digit of 2210?
2
What is the hundreds digit of 3449?
4
What is the thousands digit of 13446?
3
What is the units digit of 1060?
0
What is the thousands digit of 3383?
3
What is the units digit of 1578?
8
What is the hundreds digit of 3093?
0
What is the thousands digit of 5438?
5
What is the units digit of 64847?
7
What is the tens digit of 2790?
9
What is the hundreds digit of 2465?
4
What is the units digit of 27277?
7
What is the tens digit of 771?
7
What is the thousands digit of 1044?
1
What is the tens digit of 170?
7
What is the tens digit of 518?
1
What is the tens digit of 5687?
8
What is the hundreds digit of 24733?
7
What is the thousands digit of 54249?
4
What is the thousands digit of 1623?
1
What is the tens digit of 4967?
6
What is the tens digit of 11228?
2
What is the hundreds digit of 8550?
5
What is the tens digit of 13737?
3
What is the units digit of 42?
2
What is the tens digit of 1511?
1
What is the tens digit of 39012?
1
What is the thousands digit of 1710?
1
What is the hundreds digit of 3589?
5
What is the ten thousands digit of 49766?
4
What is the tens digit of 3390?
9
What is the hundreds digit of 4346?
3
What is the ten thousands digit of 21369?
2
What is the thousands digit of 1097?
1
What is the units digit of 747?
7
What is the units digit of 10266?
6
What is the units digit of 1046?
6
What is the tens digit of 26588?
8
What is the thousands digit of 15361?
5
What is the hundreds digit of 19031?
0
What is the thousands digit of 3417?
3
What is the units digit of 889?
9
What is the units digit of 8226?
6
What is the ten thousands digit of 14668?
1
What is the thousands digit of 85194?
5
What is the units digit of 5355?
5
What is the hundreds digit of 1038?
0
What is the tens digit of 36029?
2
What is the hundreds digit of 773?
7
What is the tens digit of 5847?
4
What is the tens digit of 9589?
8
What is the hundreds digit of 1237?
2
What is the tens digit of 5598?
9
What is the units digit of 99859?
9
What is the thousands digit of 3100?
3
What is the hundreds digit of 6042?
0
What is the hundreds digit of 191?
1
What is the ten thousands digit of 35435?
3
What is the thousands digit of 15818?
5
What is the units digit of 3450?
0
What is the thousands digit of 3230?
3
What is the ten thousands digit of 39911?
3
What is the hundreds digit of 2206?
2
What is the ten thousands digit of 68730?
6
What is the units digit of 14224?
4
What is the tens digit of 957?
5
What is the tens digit of 5089?
8
What is the thousands digit of 9157?
9
What is the tens digit of 3844?
4
What is the units digit of 3760?
0
What is the tens digit of 253?
5
What is the thousands digit of 1527?
1
What is the units digit of 711?
1
What is the hundreds digit of 5483?
4
What is the tens digit of 16855?
5
What is the hundreds digit of 2693?
6
What is the units digit of 1126?
6
What is the hundreds digit of 1794?
7
What is the thousands digit of 1860?
1
What is the units digit of 3524?
4
What is the units digit of 620?
0
What is the tens digit of 40?
4
What is the ten thousands digit of 38102?
3
What is the thousands digit of 18790?
8
What is the units dig